{"id":37,"date":"2020-07-26T10:14:54","date_gmt":"2020-07-26T10:14:54","guid":{"rendered":"http:\/\/pleiades-coop.org\/?page_id=37"},"modified":"2020-07-26T10:21:26","modified_gmt":"2020-07-26T10:21:26","slug":"ciscenje","status":"publish","type":"page","link":"https:\/\/pleiades-coop.org\/?page_id=37","title":{"rendered":"\u010ci\u0161\u0107enje"},"content":{"rendered":"\t\t<div data-elementor-type=\"wp-page\" data-elementor-id=\"37\" class=\"elementor elementor-37\" data-elementor-settings=\"[]\">\n\t\t\t<div class=\"elementor-inner\">\n\t\t\t\t<div class=\"elementor-section-wrap\">\n\t\t\t\t\t\t\t<section class=\"elementor-element elementor-element-c3c0ac3 elementor-section-boxed elementor-section-height-default elementor-section-height-default elementor-section elementor-top-section\" data-id=\"c3c0ac3\" data-element_type=\"section\">\n\t\t\t\t\t\t<div class=\"elementor-container elementor-column-gap-default\">\n\t\t\t\t<div class=\"elementor-row\">\n\t\t\t\t<div class=\"elementor-element elementor-element-4442108 elementor-column elementor-col-100 elementor-top-column\" data-id=\"4442108\" data-element_type=\"column\">\n\t\t\t<div class=\"elementor-column-wrap  elementor-element-populated\">\n\t\t\t\t\t<div class=\"elementor-widget-wrap\">\n\t\t\t\t<div class=\"elementor-element elementor-element-a305164 elementor-widget elementor-widget-heading\" data-id=\"a305164\" data-element_type=\"widget\" data-widget_type=\"heading.default\">\n\t\t\t\t<div class=\"elementor-widget-container\">\n\t\t\t<h2 class=\"elementor-heading-title elementor-size-default\">\u010ci\u0161\u0107enje<\/h2>\t\t<\/div>\n\t\t\t\t<\/div>\n\t\t\t\t\t\t<\/div>\n\t\t\t<\/div>\n\t\t<\/div>\n\t\t\t\t\t\t<\/div>\n\t\t\t<\/div>\n\t\t<\/section>\n\t\t\t\t<section class=\"elementor-element elementor-element-83ffdd7 elementor-section-boxed elementor-section-height-default elementor-section-height-default elementor-section elementor-top-section\" data-id=\"83ffdd7\" data-element_type=\"section\">\n\t\t\t\t\t\t<div class=\"elementor-container elementor-column-gap-default\">\n\t\t\t\t<div class=\"elementor-row\">\n\t\t\t\t<div class=\"elementor-element elementor-element-c085b8b elementor-column elementor-col-100 elementor-top-column\" data-id=\"c085b8b\" data-element_type=\"column\">\n\t\t\t<div class=\"elementor-column-wrap  elementor-element-populated\">\n\t\t\t\t\t<div class=\"elementor-widget-wrap\">\n\t\t\t\t<div class=\"elementor-element elementor-element-e07f154 elementor-widget elementor-widget-text-editor\" data-id=\"e07f154\" data-element_type=\"widget\" data-widget_type=\"text-editor.default\">\n\t\t\t\t<div class=\"elementor-widget-container\">\n\t\t\t\t\t<div class=\"elementor-text-editor elementor-clearfix\"><p><strong>Bolji uslovi rada, bolja usluga za klijenta <\/strong><\/p><p>U Zadruzi Pleiades radnici sami odlu\u010duju o podeli dohotka, kao i investicija koje se ula\u017eu nazad u samo preduze\u0107e. Na\u0161 primarni cilj je da svojim radnicima i radnicama obezbedimo dostojanstvo kroz pru\u017eanje bezbednih uslova rada, kako na finanasijskom tako i na li\u010dnom nivou. Svi radnici i radnice imaju mogu\u0107nost da postanu \u010dlanovi zadruge i da u\u010destvuju u zajedni\u010dkom dono\u0161enju odluka po princip jedan \u010dovek jedan glas. Ovakav na\u010din upravljanja daje ve\u0107u odgovornost radnicima i stvara platformu za pru\u017eanje boljih usluga klijentima.<\/p><p>Klijentima nudimo kvalitet rada, redovnu uslugu i vrhunsko \u010di\u0161\u0107enje, redovnu kontrolu kvaliteta rada i razvijen sluh za sve va\u0161e potrebe i \u017ealbe.<\/p><p>Cenu utvr\u0111ujemo nakon upoznavanja sa prostorom i procene na licu mesta.<\/p><p><strong>Trenutno u ponudi imamo dva paketa usluga:<\/strong><\/p><ol><li>Osnovni paket \u2013 \u010ci\u0161\u0107enje stepenica, spratova, hodnika, lifta i glavnog ulaza.<\/li><li>Pro\u0161ireni paket \u2013 Osnovni paket + \u010di\u0161\u0107enje stakla (ulazna vrata i prozori), dodatnih prostora i podruma, \u010di\u0161\u0107enje oko zgrade i uklanjanje reklamnog materijala.<\/li><\/ol><p>\u00a0<\/p><p><strong>Za zaposlene<\/strong><\/p><p>Zadruga Pleiades pru\u017ea dostojanstvo svakom radniku i radnici u vidu bezbednih uslova rada na nivou finansija kao i li\u010dnih odnosa. Svi radnici i radnice sti\u010du pravo postajanja \u010dlanom zadruge nakon tri meseca probnog rada. To podrazumeva u\u010destvovanje i zajedni\u010dko dono\u0161enje odluka po principu jedan \u010dovek jedan glas. Smatramo da ovaj vid upravljanja daje vi\u0161e odgovornosti radnicima i radnicama i zauzvrat pru\u017ea kvalitetniju uslugu klijentima.<\/p><p>Status radnika u zadruzi Pleiades podrazumeva penziono i zdravstveno osiguranje, zakonski godi\u0161nji odmor i stimulacije, kao i redovnu i ta\u010dnu isplatu. Tako\u0111e pokrivamo isplatu prekovremenih sati i organizujemo nedeljne konsultacije, obuke i dru\u017eenja svih zaposlenih.<\/p><p>Pleidaes te\u017ei ostvarivanju uspe\u0161ne kontrole kvaliteta i administracije, kao i usavr\u0161avanje drugih vrsta rada i sticanje razli\u010ditih licenci. \u00a0<\/p><\/div>\n\t\t\t\t<\/div>\n\t\t\t\t<\/div>\n\t\t\t\t\t\t<\/div>\n\t\t\t<\/div>\n\t\t<\/div>\n\t\t\t\t\t\t<\/div>\n\t\t\t<\/div>\n\t\t<\/section>\n\t\t\t\t\t\t<\/div>\n\t\t\t<\/div>\n\t\t<\/div>\n\t\t","protected":false},"excerpt":{"rendered":"<p>\u010ci\u0161\u0107enje Bolji uslovi rada, bolja usluga za klijenta U Zadruzi Pleiades radnici sami odlu\u010duju o podeli dohotka, kao i investicija koje se ula\u017eu nazad u samo preduze\u0107e. Na\u0161 primarni cilj je da svojim radnicima i radnicama obezbedimo dostojanstvo kroz pru\u017eanje bezbednih uslova rada, kako na finanasijskom tako i na li\u010dnom nivou. Svi radnici i radnice [&hellip;]<\/p>\n","protected":false},"author":1,"featured_media":0,"parent":0,"menu_order":0,"comment_status":"closed","ping_status":"closed","template":"","meta":{"footnotes":""},"class_list":["post-37","page","type-page","status-publish","hentry"],"_links":{"self":[{"href":"https:\/\/pleiades-coop.org\/index.php?rest_route=\/wp\/v2\/pages\/37","targetHints":{"allow":["GET"]}}],"collection":[{"href":"https:\/\/pleiades-coop.org\/index.php?rest_route=\/wp\/v2\/pages"}],"about":[{"href":"https:\/\/pleiades-coop.org\/index.php?rest_route=\/wp\/v2\/types\/page"}],"author":[{"embeddable":true,"href":"https:\/\/pleiades-coop.org\/index.php?rest_route=\/wp\/v2\/users\/1"}],"replies":[{"embeddable":true,"href":"https:\/\/pleiades-coop.org\/index.php?rest_route=%2Fwp%2Fv2%2Fcomments&post=37"}],"version-history":[{"count":5,"href":"https:\/\/pleiades-coop.org\/index.php?rest_route=\/wp\/v2\/pages\/37\/revisions"}],"predecessor-version":[{"id":44,"href":"https:\/\/pleiades-coop.org\/index.php?rest_route=\/wp\/v2\/pages\/37\/revisions\/44"}],"wp:attachment":[{"href":"https:\/\/pleiades-coop.org\/index.php?rest_route=%2Fwp%2Fv2%2Fmedia&parent=37"}],"curies":[{"name":"wp","href":"https:\/\/api.w.org\/{rel}","templated":true}]}}